me?
False
Is 2640010709 a composite number?
True
Is 24213525313 a prime number?
False
Is 4777098829 composite?
False
Is 1617528629 a prime number?
True
Is 5862576289 composite?
False
Is 528400319 a composite number?
False
Is 2120484703 a prime number?
True
Is 426098083 prime?
True
Is 928833119 a composite number?
False
Is 19329097553 prime?
False
Is 2446624337 prime?
False
Is 477770263 prime?
True
Is 28272825149 prime?
False
Is 2236906349 composite?
False
Is 474463739 a composite number?
False
Is 7244858413 composite?
True
Is 846519343 a prime number?
False
Is 600036295 a prime number?
False
Is 367500626 composite?
True
Is 1312672723 a composite number?
False
Is 110528008181 a prime number?
True
Is 3085243519 a prime number?
False
Is 2981423089 a composite number?
False
Is 20859734351 prime?
True
Is 1561967569 prime?
True
Is 216734659709 prime?
True
Is 9222476831 prime?
False
Is 241898851 prime?
False
Is 22078616111 a composite number?
False
Is 703981819 prime?
False
Is 7499201317 a prime number?
True
Is 139002209 composite?
False
Is 9257746441 prime?
True
Is 41978240917 a prime number?
False
Is 4998508871 prime?
False
Is 57220764137 a composite number?
False
Is 128159447959 prime?
True
Is 8366574719 prime?
True
Is 30056540009 a prime number?
True
Is 1777398349 prime?
True
Is 2089775449 prime?
True
Is 16756988021 a prime number?
True
Is 10467388807 composite?
False
Is 11146545557 a composite number?
True
Is 212893699 a composite number?
True
Is 494122481 prime?
True
Is 25765880521 a composite number?
False
Is 770492963 a composite number?
True
Is 13096147843 prime?
True
Is 7749516043 a prime number?
True
Is 11516073119 a composite number?
False
Is 186933781 a composite number?
True
Is 43346827907 composite?
True
Is 9858434423 composite?
False
Is 1821326257 a composite number?
True
Is 16078645061 prime?
True
Is 2954745617 a prime number?
False
Is 2432643869 composite?
True
Is 1212172441 a composite number?
True
Is 6728791799 a composite number?
True
Is 23057896789 a composite number?
False
Is 68290867 composite?
False
Is 206341184611 prime?
True
Is 20361689 a prime number?
True
Is 6335449409 composite?
False
Is 62000220053 a prime number?
True
Is 7110270149 composite?
False
Is 12392433413 composite?
True
Is 476798353 composite?
False
Is 589987967 a composite number?
False
Is 72124979 composite?
False
Is 2544940747 a composite number?
False
Is 15374608553 composite?
False
Is 5584173757 a composite number?
True
Is 55803720927 composite?
True
Is 177500399 a prime number?
False
Is 160096288769 prime?
True
Is 920752649 composite?
False
Is 177771942047 prime?
False
Is 364754233 composite?
True
Is 35603881121 a composite number?
True
Is 854089267 prime?
False
Is 8318550073 a composite number?
True
Is 237084101017 composite?
False
Is 233061233 a prime number?
True
Is 359492219 a prime number?
True
Is 779323213 a prime number?
True
Is 1190236951 prime?
True
Is 1194292837 a composite number?
False
Is 17970832751 a prime number?
False
Is 558510769 a composite number?
True
Is 4589236007 composite?
True
Is 1542079481 composite?
False
Is 1012094183 prime?
False
Is 10256099573 prime?
False
Is 7357355587 composite?
True
Is 2359036279 a prime number?
False
Is 10194958463 a prime number?
False
Is 190914979 prime?
False
Is 10608844661 prime?
True
Is 5642436559 prime?
True
Is 54463382873 composite?
False
Is 24672205183 a prime number?
False
Is 3186306098 a composite number?
True
Is 190055539 a prime number?
True
Is 1328455607 a composite number?
True
Is 15493736201 composite?
False
Is 47230948759 a composite number?
False
Is 47004247354 a composite number?
True
Is 51408155077 a composite number?
True
Is 16751481973 a prime number?
False
Is 47166473 a composite number?
True
Is 11040005651 a prime number?
False
Is 86008894039 a composite number?
False
Is 80111602283 a prime number?
True
Is 406890857 a prime number?
True
Is 3362032913 a composite number?
True
Is 9975505649 a prime number?
True
Is 444847157 composite?
False
Is 15296844677 prime?
True
Is 250418629 composite?
False
Is 196889468401 a prime number?
True
Is 162850773 composite?
True
Is 11295208489 prime?
False
Is 1163329243 composite?
False
Is 242236915709 a prime number?
True
Is 2835574289 a composite number?
False
Is 2716044931 a prime number?
False
Is 141093985421 a prime number?
True
Is 3521772697 composite?
False
Is 17691263047 prime?
True
Is 14260017755 prime?
False
Is 7669631 a composite number?
True
Is 933543179 prime?
False
Is 232968871 prime?
True
Is 28178343229 composite?
True
Is 861769159 a prime number?
False
Is 3260637161 prime?
True
Is 9138100283 composite?
True
Is 13131558563 a composite number?
False
Is 5045057593 prime?
False
Is 6987572609 a prime number?
True
Is 8523035683 prime?
True
Is 1372467839 a composite number?
False
Is 2313854771 a composite number?
True
Is 5494734829 a prime number?
False
Is 7399447037 composite?
False
Is 23436773159 composite?
True
Is 17369463113 composite?
True
Is 702790265 composite?
True
Is 6836689 a composite number?
True
Is 7865025589 prime?
False
Is 122987486093 a prime number?
True
Is 55467539 a composite number?
True
Is 8334787517 prime?
False
Is 3153976967 composite?
True
Is 84734313871 prime?
True
Is 85797343 a prime number?
False
Is 209130001 a composite number?
False
Is 1433419381 a composite number?
False
Is 428064953 a prime number?
True
Is 134145000989 a composite number?
False
Is 360920341 composite?
True
Is 2168853029 a composite number?
True
Is 339926647 composite?
False
Is 578190763 prime?
True
Is 40301196953 composite?
False
Is 17766256097 composite?
False
Is 1058089891 composite?
True
Is 4301548253 prime?
False
Is 884370059 composite?
True
Is 500690819 a prime number?
False
Is 3171980803 a composite number?
True
Is 673017997 prime?
False
Is 245089177 a prime number?
True
Is 70359993217 composite?
False
Is 1629790819 a composite number?
False
Is 17124901463 a prime number?
True
Is 722664289 a prime number?
True
Is 25743621181 prime?
False
Is 281711294 prime?
False
Is 416236241 composite?
False
Is 9569959183 a prime number?
True
Is 760403407 prime?
True
Is 216735683 a composite number?
False
Is 56962303681 composite?
True
Is 657630517 a prime number?
True
Is 59378620099 composite?
True
Is 765103127 a composite number?
True
Is 147141751 prime?
True
Is 701237741 prime?
False
Is 28423742831 prime?
False
Is 87135774295 a prime number?
False
Is 2435033423 composite?
False
Is 7171689233 a composite number?
False
Is 40601177063 prime?
True
Is 4201825447 prime?
False
Is 677934359 composite?
False
Is 1895865267 a prime number?
False
Is 8266851323 a composite number?
False
Is 22355662037 composite?
False
Is 1156873639 a prime number?
True
Is 301242241 prime?
True
Is 579792139 composite?
True
Is 15765945253 a prime number?
True
Is 27128985311 composite?
False
Is 1367466591 prime?
False
Is 961127107 a prime number?
True
Is 68524756693 a prime number?
True
Is 1537717241 prime?
True
Is 660433643 composite?
False
Is 3632483261 a prime number?
False
Is 220249267993 a composite number?
False
Is 573508259 composite?
True
Is 437804183 a prime number?
True
Is 114782918 a composite number?
True
Is 247876327 a prime number?
False
Is 11764143001 composite?
True
Is 1481592022 a composite number?
True
Is 2660831507 a composite number?
False
Is 794182297 a prime number?
False
Is 126244067 prime?
True
Is 1318449947 composite?
True
Is 6789704279 a prime number?
False
Is 1397509747 prime?
True
Is 13044465097 a prime number?
False
Is 855924583 prime?
True
Is 2771852623 a prime number?
True
Is 1589672629 composite?
False
Is 258605803 a composite number?
True
Is 1827842113 a composite number?
True
Is 32378196439 composite?
True
Is 642202933 composite?
True
Is 4808528617 a composite number?
False
Is 7355845663 prime?
True
Is 260008967 a composite number?
True
Is 4322341 a composite number?
True
Is 6506991637 a composite number?
False
Is 1157146729 a composite number?
False
Is 40204543 a composite number?
False
Is 27624602567 a prime number?
False
Is 1341360967 composite?
True
Is 44106937471 composite?
False
Is 21444399107 prime?
True
Is 672531289 a composite number?
False
Is 31222212254 prime?
False
Is 27983952793 prime?
True
Is 382401583 a composite number?
True
Is 422